{"id":6,"date":"2021-12-09T11:11:48","date_gmt":"2021-12-09T11:11:48","guid":{"rendered":"http:\/\/www.joebarteam.fun\/?page_id=6"},"modified":"2022-09-13T23:36:28","modified_gmt":"2022-09-13T23:36:28","slug":"o-nas","status":"publish","type":"page","link":"https:\/\/www.joebarteam.fun\/?page_id=6","title":{"rendered":"Info"},"content":{"rendered":"<div class=\"wp-block-image\">\n<figure class=\"alignright size-full is-resized\"><img data-recalc-dims=\"1\" loading=\"lazy\" decoding=\"async\" src=\"https:\/\/i0.wp.com\/www.joebarteam.fun\/wp-content\/uploads\/2022\/01\/image.jpeg?resize=397%2C263&#038;ssl=1\" alt=\"\" class=\"wp-image-590\" width=\"397\" height=\"263\"\/><\/figure>\n<\/div>\n\n\n<p><strong>JoeBarTeam \u010cR<\/strong><\/p>\n\n\n\n<p>vyd\u00e1v\u00e1 kreslen\u00e9 p\u0159\u00edb\u011bhy JoeBarTeam<\/p>\n\n\n\n<p><\/p>\n\n\n\n<p>www.joebarteam.fun<\/p>\n\n\n\n<p> &#8230;. )  web je v procesu <\/p>\n\n\n\n<p>www.facebook.com\/joebarteam.fun<\/p>\n\n\n\n<p>info@joebarteam.fun<\/p>\n\n\n<div class=\"wp-block-image\">\n<figure class=\"alignright size-full is-resized\"><img data-recalc-dims=\"1\" loading=\"lazy\" decoding=\"async\" src=\"https:\/\/i0.wp.com\/www.joebarteam.fun\/wp-content\/uploads\/2022\/01\/IMG_7622.jpg?resize=240%2C160&#038;ssl=1\" alt=\"\" class=\"wp-image-589\" width=\"240\" height=\"160\" srcset=\"https:\/\/i0.wp.com\/www.joebarteam.fun\/wp-content\/uploads\/2022\/01\/IMG_7622.jpg?w=400&amp;ssl=1 400w, https:\/\/i0.wp.com\/www.joebarteam.fun\/wp-content\/uploads\/2022\/01\/IMG_7622.jpg?resize=300%2C200&amp;ssl=1 300w\" sizes=\"auto, (max-width: 240px) 100vw, 240px\" \/><\/figure>\n<\/div>\n\n\n<p>tel: 770100045<\/p>\n\n\n\n<p>\u00a9 Editions Gl\u00e9nat by Bar2 &amp; Fane&nbsp;ALL RIGHTS RESERVED<\/p>\n\n\n\n<p>\u00a9 V\u0161echna pr\u00e1va vyhrazena Ruge.cz<\/p>\n\n\n\n<p class=\"has-text-align-left\">J. Dvo\u0159\u00e1\u010dek, Praha 9,  I\u010c:&nbsp;69799041<\/p>\n\n\n\n<p class=\"has-text-align-left\"><strong>Joe Bar Team 1.d\u00edl<\/strong><\/p>\n\n\n\n<p class=\"has-text-align-left\">ISBN 978-80-11-00982-3<br>Bro\u017eovan\u00e1 publikace, 48 str.<\/p>\n\n\n\n<p class=\"has-text-align-left\">1. vyd\u00e1n\u00ed.Kralupy nad Vltavou  <\/p>\n\n\n\n<p class=\"has-text-align-left\">Christian Debarre \/ BAR2<\/p>\n\n\n\n<p class=\"has-text-align-left\">J. Dvo\u0159\u00e1\u010dek, 2022<\/p>\n\n\n<div class=\"wp-block-image\">\n<figure class=\"alignleft is-resized\"><img data-recalc-dims=\"1\" loading=\"lazy\" decoding=\"async\" src=\"https:\/\/i0.wp.com\/www.joebarteam.fun\/wp-content\/uploads\/2022\/02\/ruge-smlpk.jpg?resize=170%2C70&#038;ssl=1\" alt=\"Tento obr\u00e1zek nem\u00e1 vypln\u011bn\u00fd atribut alt; n\u00e1zev souboru je ruge-smlpk.jpg.\" width=\"170\" height=\"70\"\/><\/figure>\n<\/div>\n\n\n<p><\/p>\n\n\n\n<p><\/p>\n\n\n\n<p>Do\u0161lo va\u0161e album po\u0161kozen\u00e9? je\u0161t\u011b se to nestalo, ale p\u0159\u00edp. n\u00e1s kontaktuje &#8211; z\u0159\u00edd\u00edme n\u00e1pravu&#8230;!<\/p>\n","protected":false},"excerpt":{"rendered":"<p>JoeBarTeam \u010cR vyd\u00e1v\u00e1 kreslen\u00e9 p\u0159\u00edb\u011bhy JoeBarTeam www.joebarteam.fun &#8230;. ) web je v procesu www.facebook.com\/joebarteam.fun info@joebarteam.fun tel: 770100045 \u00a9 Editions Gl\u00e9nat by Bar2 &amp; Fane&nbsp;ALL RIGHTS RESERVED \u00a9 V\u0161echna pr\u00e1va vyhrazena Ruge.cz J. Dvo\u0159\u00e1\u010dek, Praha 9, I\u010c:&nbsp;69799041 Joe Bar Team 1.d\u00edl ISBN 978-80-11-00982-3Bro\u017eovan\u00e1 publikace, 48 str. 1. vyd\u00e1n\u00ed.Kralupy nad Vltavou Christian Debarre \/ BAR2 J. Dvo\u0159\u00e1\u010dek, [&hellip;]<\/p>\n","protected":false},"author":1,"featured_media":0,"parent":0,"menu_order":0,"comment_status":"closed","ping_status":"closed","template":"","meta":{"om_disable_all_campaigns":false,"_monsterinsights_skip_tracking":false,"_monsterinsights_sitenote_active":false,"_monsterinsights_sitenote_note":"","_monsterinsights_sitenote_category":0,"_uf_show_specific_survey":0,"_uf_disable_surveys":false,"footnotes":""},"class_list":["post-6","page","type-page","status-publish","hentry"],"aioseo_notices":[],"jetpack_sharing_enabled":true,"_links":{"self":[{"href":"https:\/\/www.joebarteam.fun\/index.php?rest_route=\/wp\/v2\/pages\/6","targetHints":{"allow":["GET"]}}],"collection":[{"href":"https:\/\/www.joebarteam.fun\/index.php?rest_route=\/wp\/v2\/pages"}],"about":[{"href":"https:\/\/www.joebarteam.fun\/index.php?rest_route=\/wp\/v2\/types\/page"}],"author":[{"embeddable":true,"href":"https:\/\/www.joebarteam.fun\/index.php?rest_route=\/wp\/v2\/users\/1"}],"replies":[{"embeddable":true,"href":"https:\/\/www.joebarteam.fun\/index.php?rest_route=%2Fwp%2Fv2%2Fcomments&post=6"}],"version-history":[{"count":41,"href":"https:\/\/www.joebarteam.fun\/index.php?rest_route=\/wp\/v2\/pages\/6\/revisions"}],"predecessor-version":[{"id":1409,"href":"https:\/\/www.joebarteam.fun\/index.php?rest_route=\/wp\/v2\/pages\/6\/revisions\/1409"}],"wp:attachment":[{"href":"https:\/\/www.joebarteam.fun\/index.php?rest_route=%2Fwp%2Fv2%2Fmedia&parent=6"}],"curies":[{"name":"wp","href":"https:\/\/api.w.org\/{rel}","templated":true}]}}