{"id":676,"date":"2022-01-26T10:48:55","date_gmt":"2022-01-26T10:48:55","guid":{"rendered":"https:\/\/www.joebarteam.fun\/?page_id=676"},"modified":"2022-03-31T21:57:29","modified_gmt":"2022-03-31T21:57:29","slug":"partneri","status":"publish","type":"page","link":"https:\/\/www.joebarteam.fun\/?page_id=676","title":{"rendered":"Partne\u0159i\/Tisk"},"content":{"rendered":"\n<div class=\"wp-block-image\"><figure class=\"alignright size-full is-resized\"><img data-recalc-dims=\"1\" loading=\"lazy\" decoding=\"async\" src=\"https:\/\/i0.wp.com\/www.joebarteam.fun\/wp-content\/uploads\/2021\/12\/fb8c3d96049df2b52d28d961bb4df0e5.jpg?resize=305%2C155&#038;ssl=1\" alt=\"\" class=\"wp-image-468\" width=\"305\" height=\"155\" srcset=\"https:\/\/i0.wp.com\/www.joebarteam.fun\/wp-content\/uploads\/2021\/12\/fb8c3d96049df2b52d28d961bb4df0e5.jpg?w=350&amp;ssl=1 350w, https:\/\/i0.wp.com\/www.joebarteam.fun\/wp-content\/uploads\/2021\/12\/fb8c3d96049df2b52d28d961bb4df0e5.jpg?resize=300%2C153&amp;ssl=1 300w\" sizes=\"auto, (max-width: 305px) 100vw, 305px\" \/><\/figure><\/div>\n\n\n\n<p id=\"mate-garage-motoshop-dealerstvi-nebo-prodejnu-knih\"><strong>M\u00e1te garage, motoshop, dealerstv\u00ed \u010di prodejnu knih?<\/strong><\/p>\n\n\n\n<p><strong>Jste novin\u00e1\u0159 nebo jin\u00fd prof\u00edk z oboru?<\/strong><\/p>\n\n\n\n<p>sta\u0148te se \u010dlenem JoeBarTeamu, sledujte p\u0159\u00edb\u011bhy a prod\u00e1vejte alba, napl\u0148te srdce va\u0161ich z\u00e1kazn\u00edk\u016f vesel\u00edm! \ud83d\ude42<\/p>\n\n\n\n<p>JoeBarTeam je vhodn\u00fdm dopl\u0148kem ka\u017ed\u00e9ho motosortimentu, od dopl\u0148k\u016f a ND, b\u011b\u017en\u00fdch moto a\u017e po z\u00e1vodn\u00ed stroje a ATV, fanou\u0161ci si najdou sv\u00e9 a pobav\u00ed se i ne-motork\u00e1\u0159i. Kontaktujte n\u00e1s, za\u0161leme v\u00e1m nab\u00eddku obchodn\u00ed spolupr\u00e1ce.<\/p>\n\n\n\n<p><strong>\u017d\u00e1dejte si n\u00ed\u017ee na\u0161i nab\u00eddku na odb\u011bratelsk\u00e9 slevy \u010di nab\u00eddku pro \u010dasopisy. Podm\u00ednky jsou zaj\u00edmav\u00e9 i pro mal\u00fd obchod \u010di pro dal\u0161\u00ed distribuci.       Ji\u017e od 5 ks!<\/strong><\/p>\n\n\n\n<p><\/p>\n\n\n\n<p><strong>TISKOV\u00c1 ZPR\u00c1VA k prvn\u00edmu \u010ds. vyd\u00e1n\u00ed:<\/strong> <\/p>\n\n\n\n<div data-wp-interactive=\"core\/file\" class=\"wp-block-file\"><object data-wp-bind--hidden=\"!state.hasPdfPreview\" hidden class=\"wp-block-file__embed\" data=\"https:\/\/www.joebarteam.fun\/wp-content\/uploads\/2022\/02\/JoeBarTeam-CR-TiskZprava-1-1.pdf\" type=\"application\/pdf\" style=\"width:100%;height:500px\" aria-label=\"Vlo\u017eit z Vlo\u017eit z JoeBarTeam-CR-TiskZprava-1-1..\"><\/object><a id=\"wp-block-file--media-7d019165-2b87-47db-a133-d5151713cb13\" href=\"https:\/\/www.joebarteam.fun\/wp-content\/uploads\/2022\/02\/JoeBarTeam-CR-TiskZprava-1-1.pdf\">JoeBarTeam-CR-TiskZprava-1-1<\/a><a href=\"https:\/\/www.joebarteam.fun\/wp-content\/uploads\/2022\/02\/JoeBarTeam-CR-TiskZprava-1-1.pdf\" class=\"wp-block-file__button\" download aria-describedby=\"wp-block-file--media-7d019165-2b87-47db-a133-d5151713cb13\">St\u00e1hnout<\/a><\/div>\n\n\n\n<p>Dal\u0161\u00ed tiskov\u00e9 podklady, p\u0159\u00edp. recenzn\u00ed v\u00fdtisky si vy\u017e\u00e1dejte, nebo rovnou zavolejte&#8230; i s vlastn\u00edm n\u00e1vrhem )<\/p>\n\n\n\n<div class=\"wp-block-image\"><figure class=\"alignright size-large is-resized\"><img data-recalc-dims=\"1\" loading=\"lazy\" decoding=\"async\" src=\"https:\/\/i0.wp.com\/www.joebarteam.fun\/wp-content\/uploads\/2022\/01\/240651112_126878199672688_9200316693066076840_n.jpg?resize=249%2C247&#038;ssl=1\" alt=\"\" class=\"wp-image-628\" width=\"249\" height=\"247\" srcset=\"https:\/\/i0.wp.com\/www.joebarteam.fun\/wp-content\/uploads\/2022\/01\/240651112_126878199672688_9200316693066076840_n.jpg?resize=1024%2C1017&amp;ssl=1 1024w, https:\/\/i0.wp.com\/www.joebarteam.fun\/wp-content\/uploads\/2022\/01\/240651112_126878199672688_9200316693066076840_n.jpg?resize=300%2C298&amp;ssl=1 300w, https:\/\/i0.wp.com\/www.joebarteam.fun\/wp-content\/uploads\/2022\/01\/240651112_126878199672688_9200316693066076840_n.jpg?resize=150%2C150&amp;ssl=1 150w, https:\/\/i0.wp.com\/www.joebarteam.fun\/wp-content\/uploads\/2022\/01\/240651112_126878199672688_9200316693066076840_n.jpg?resize=768%2C762&amp;ssl=1 768w, https:\/\/i0.wp.com\/www.joebarteam.fun\/wp-content\/uploads\/2022\/01\/240651112_126878199672688_9200316693066076840_n.jpg?resize=1536%2C1525&amp;ssl=1 1536w, https:\/\/i0.wp.com\/www.joebarteam.fun\/wp-content\/uploads\/2022\/01\/240651112_126878199672688_9200316693066076840_n.jpg?resize=1320%2C1310&amp;ssl=1 1320w, https:\/\/i0.wp.com\/www.joebarteam.fun\/wp-content\/uploads\/2022\/01\/240651112_126878199672688_9200316693066076840_n.jpg?w=2048&amp;ssl=1 2048w\" sizes=\"auto, (max-width: 249px) 100vw, 249px\" \/><\/figure><\/div>\n\n\n\n<p>Alba jsou graficky pe\u010dliv\u011b zpracov\u00e1ny a kvalitn\u011b vyti\u0161t\u011bny na solidn\u00edm pap\u00ed\u0159e &#8211; 150g a trvanliv\u011b bro\u017eovan\u00e9 v leskl\u00e9 vazb\u011b. Jejich p\u0159ekladu se v\u011bnovali francouz\u0161t\u00ed emigranti a vyje\u017ed\u011bn\u00ed borci, aby hl\u00e1\u0161ky hrdin\u016f byly v \u010de\u0161tin\u011b maxim\u00e1ln\u011b trefn\u00e9. <\/p>\n\n\n\n<p><strong>Kontaktujte n\u00e1s, uve\u010fte v\u00e1\u0161 z\u00e1jem o spolupr\u00e1ci:<\/strong><\/p>\n\n\n\n<p>nebo volejte tel: 770 100 045<\/p>\n\n\n\n<p>[contact-form-7 id=&#8220;121&#8243; title=&#8220;Kontakt, nechte n\u00e1m vzkaz&#8220;] <\/p>\n\n\n\n<p><\/p>\n","protected":false},"excerpt":{"rendered":"<p>M\u00e1te garage, motoshop, dealerstv\u00ed \u010di prodejnu knih? Jste novin\u00e1\u0159 nebo jin\u00fd prof\u00edk z oboru? sta\u0148te se \u010dlenem JoeBarTeamu, sledujte p\u0159\u00edb\u011bhy a prod\u00e1vejte alba, napl\u0148te srdce va\u0161ich z\u00e1kazn\u00edk\u016f vesel\u00edm! \ud83d\ude42 JoeBarTeam je vhodn\u00fdm dopl\u0148kem ka\u017ed\u00e9ho motosortimentu, od dopl\u0148k\u016f a ND, b\u011b\u017en\u00fdch moto a\u017e po z\u00e1vodn\u00ed stroje a ATV, fanou\u0161ci si najdou sv\u00e9 a pobav\u00ed se i [&hellip;]<\/p>\n","protected":false},"author":1,"featured_media":0,"parent":0,"menu_order":0,"comment_status":"closed","ping_status":"closed","template":"","meta":{"om_disable_all_campaigns":false,"_monsterinsights_skip_tracking":false,"_monsterinsights_sitenote_active":false,"_monsterinsights_sitenote_note":"","_monsterinsights_sitenote_category":0,"_uf_show_specific_survey":0,"_uf_disable_surveys":false,"footnotes":""},"class_list":["post-676","page","type-page","status-publish","hentry"],"aioseo_notices":[],"jetpack_sharing_enabled":true,"_links":{"self":[{"href":"https:\/\/www.joebarteam.fun\/index.php?rest_route=\/wp\/v2\/pages\/676","targetHints":{"allow":["GET"]}}],"collection":[{"href":"https:\/\/www.joebarteam.fun\/index.php?rest_route=\/wp\/v2\/pages"}],"about":[{"href":"https:\/\/www.joebarteam.fun\/index.php?rest_route=\/wp\/v2\/types\/page"}],"author":[{"embeddable":true,"href":"https:\/\/www.joebarteam.fun\/index.php?rest_route=\/wp\/v2\/users\/1"}],"replies":[{"embeddable":true,"href":"https:\/\/www.joebarteam.fun\/index.php?rest_route=%2Fwp%2Fv2%2Fcomments&post=676"}],"version-history":[{"count":19,"href":"https:\/\/www.joebarteam.fun\/index.php?rest_route=\/wp\/v2\/pages\/676\/revisions"}],"predecessor-version":[{"id":1210,"href":"https:\/\/www.joebarteam.fun\/index.php?rest_route=\/wp\/v2\/pages\/676\/revisions\/1210"}],"wp:attachment":[{"href":"https:\/\/www.joebarteam.fun\/index.php?rest_route=%2Fwp%2Fv2%2Fmedia&parent=676"}],"curies":[{"name":"wp","href":"https:\/\/api.w.org\/{rel}","templated":true}]}}